-14*m + 40451 - 14593. Is m a composite number?
False
Let d(x) = -x**2 + 7*x + 12. Let a be d(8). Is 0 - 4/(a/(-67)) a prime number?
True
Let m = 6 + -3. Let g = -14 - -17. Suppose m*w = 486 - g. Is w prime?
False
Suppose 4*r + 40 = 1220. Suppose -x = -2*x + r. Is x a prime number?
False
Let x be (8/16)/(1/(-46)). Let b = -67 - x. Let h = 63 + b. Is h composite?
False
Suppose 0*i = -3*f - 5*i + 2518, -2525 = -3*f + 2*i. Suppose -f = -6*n + 305. Is n a composite number?
False
Let m(p) = -p**2 - 26*p - 4. Is m(-15) prime?
False
Suppose -4*v + 940 = -232. Is v a prime number?
True
Let m = -379 - -992. Is m a prime number?
True
Let s be -3*4/(-6) - 0. Let d = 247 + 101. Suppose s*i - d = -2*i. Is i a prime number?
False
Let b = -684 - -1177. Is b composite?
True
Suppose -2*d - 88 + 30 = 0. Suppose 3*n - 2*o - 3*o - 115 = 0, 4*o - 4 = 0. Let b = n + d. Is b a composite number?
False
Suppose -5*q + 770 = 5*h, -2*q = -5*q + 2*h + 437. Is q prime?
True
Suppose -4*r + 49 - 21 = 0. Suppose 3*o - 38 = r. Is ((-10)/o)/(2/(-291)) a composite number?
False
Is (15/(-45))/((-1)/354) a prime number?
False
Let l(t) = t**2 + 15*t + 8. Let p be l(-11). Is ((-9)/p)/(1/1868) prime?
True
Suppose 13*y - 28460 = 3*y. Is y a composite number?
True
Suppose 13 - 3 = 2*c. Suppose 11 = -x - 3*t + 25, 5*x - 22 = t. Suppose 5*v + 6 = -4*z, -x*v + 22 = -c*z - 8. Is v a composite number?
False
Let q(g) = 22*g**3 - g**2 + 4. Is q(3) a prime number?
False
Suppose 5*n = -r + 5, 0*n - 5*n + 3*r = 15. Suppose -2*v + n*v = -638. Is v composite?
True
Is (-2)/(-10) + 84/40*68 prime?
False
Let t(j) = -2*j + 2*j + 4*j - 2*j**2. Let c be t(3). Let s(w) = w**2 - w - 5. Is s(c) composite?
False
Suppose 0 = -11*y - 485 + 14356. Is y a composite number?
True
Let b be 4/(-6) + (-2)/6. Let a(g) = 34*g**2 + 2*g + 1. Is a(b) composite?
True
Suppose -a + l + l = -445, -4*a - 3*l = -1802. Is a composite?
False
Let c(k) be the second derivative of -25*k**3/6 - k**2/2 - 5*k. Is c(-6) a prime number?
True
Suppose -209 + 719 = 3*r. Let g = 1 - 1. Suppose g = 5*d - 3*d - r. Is d a composite number?
True
Suppose 3*g = 2*g + 1, 3*v - 2*g - 4 = 0. Is -2 + v + -1 - -66 a composite number?
True
Let j = 35 - 22. Is j a prime number?
True
Suppose 2*d - 3501 = 1405. Is d a composite number?
True
Let s(h) = -3*h**3 - h**2 - h - 1. Let q be s(-1). Let a(g) = -1 + 4*g**q - 6 + 7*g - 3*g. Is a(5) a composite number?
False
Let c(g) be the second derivative of -3*g**3 - 5*g**2/2 - 3*g. Is c(-3) composite?
True
Let n = 53 + 30. Is n composite?
False
Let q(o) be the first derivative of o**2/2 + 14*o + 2. Let m be (-1 - -2)*1 + -1. Is q(m) composite?
True
Let z(n) = -n - 1. Let r be z(3). Let j = r + 30. Is j prime?
False
Let t be (-6)/(-10) - 588/5. Let v = 212 + t. Suppose -167 = -5*s - 2*m - 2*m, -3*s - 5*m + v = 0. Is s composite?
True
Suppose -f = 3*b + 34, -2*b = 3*f + 31 - 6. Let a = 8 - b. Is a a composite number?
False
Let o be 1/(1 - 0) - -2. Let b(a) = 8 + 9*a + 7*a**2 - 3*a**o + 3 + 2*a**3. Is b(8) composite?
False
Suppose 5*b - 2*b = 78. Suppose o + b = 3*o. Is o a prime number?
True
Let w = 53 - -234. Is w a prime number?
False
Let o(v) = 15*v - 5. Is o(8) a composite number?
True
Let r be (5 - 4)/(1/3). Suppose 4*o + 8 = r*j + 38, -o = -5*j + 1. Let t = 30 - o. Is t prime?
False
Let n(m) = 2*m**3 - 8*m**2 + 8*m - 13. Is n(5) a prime number?
False
Suppose 2*j + 2*n + 4 = 0, n - 4*n = -5*j - 10. Is (-188)/(-6) - j/(-6) composite?
False
Let w = 0 + 0. Let b be (-3)/(w - (-1)/(-3)). Let a = b + 6. Is a composite?
True
Suppose -3*h - 2*a = -1119, -5*a = 2*h + 110 - 867. Is h a prime number?
False
Let k = 3191 - 2104. Is k a composite number?
False
Let q be 491/5 - 2/10. Suppose 3*y - 76 = q. Is y composite?
True
Suppose -4*h + 1297 + 459 = 0. Is h composite?
False
Let s(b) = b**3 - 1. Let m be (3 + 3/(-3))*1. Is s(m) composite?
False
Let j(x) = -x**2 + 379. Is j(0) a prime number?
True
Suppose 8*y = 5*y + 15. Is 922/5 + 3/y prime?
False
Let b(j) = 7*j**3 - 11*j**2 + 3*j + 3. Let k(z) = 11*z**3 - 17*z**2 + 4*z + 4. Let x(v) = 8*b(v) - 5*k(v). Is x(5) composite?
True
Let a(i) = -36*i + 1. Let b be a(-2). Let q = 152 - b. Is q prime?
True
Let x(c) = 1. Let h(a) = -a**2 - 2*a - 6. Let i(b) = -h(b) - 4*x(b). Let g be i(-3). Suppose u - 5*v = -3*v - 1, g*v - 48 = -4*u. Is u prime?
True
Suppose -a = -3, -5*y + 1393 = -3*a - a. Let n = -30 + y. Is n a prime number?
True
Let l be (2 - 0)/(1/2). Let q be 0/((-5)/((-10)/l)). Suppose q*a + 47 = a. Is a a composite number?
False
Let u = 5 + -2. Suppose -259 = -u*h + 74. Is h a composite number?
True
Let f(d) = -d**3 - 6*d**2 + 6*d - 10. Is f(-9) a composite number?
False
Let t be 3*(33/9 - 3). Suppose -i + t*h = -2*h - 79, 265 = 4*i + h. Is i a composite number?
False
Let m = -23 - -46. Is m a composite number?
False
Let l = -82 - -43. Let o = 104 - l. Is o a composite number?
True
Suppose -5*s - 2*m = -27, m - 19 = -4*s + 2. Suppose -74 - 321 = -s*g. Is g a composite number?
False
Let l(w) = w - 8. Let t be l(7). Let o(p) = -405*p**3 - p**2 - 2*p - 1. Let q be o(t). Suppose 6 = -3*m + q. Is m a composite number?
True
Let a = 13 + -8. Suppose 2*w + 0*w - a*p + 38 = 0, 0 = 3*p. Let f = w + 30. Is f composite?
False
Suppose 0 = 2*c + 5*y - 0*y - 72, -3*c - 4*y = -108. Suppose -5*r - 3*b + 265 = -5*b, r = -3*b + c. Is r a composite number?
True
Let y = 4 - 2. Suppose -4*x + 0*q + 328 = -y*q, -2*q + 419 = 5*x. Is x composite?
False
Suppose -m + 58 = -4*s, 0 = -4*m + 3*s + 410 - 126. Is m a composite number?
True
Let r(a) = a**3 - 4*a**2 + 5*a + 23. Is r(10) a composite number?
False
Let q(o) = o**2 + 2*o - 1. Let m(u) = u**3 + 4*u**2 - 2*u + 2. Let j be m(-4). Is q(j) composite?
True
Suppose 5*c - 10 = -5*n, 3*n = -2*c + 1 - 0. Suppose z = -4*z - 30. Is (-38)/z - 2/n a composite number?
False
Let d(n) = -4*n**3 - 2*n**2. Suppose -3*b + 1 = -k - 1, 0 = k + b + 2. Let f be d(k). Is (f/(-30))/(4/(-30)) a composite number?
True
Suppose -1555 = 5*q - 2*i, 3*q + 1078 - 171 = -4*i. Let b = 115 - q. Suppose b + 151 = 5*y. Is y prime?
False
Let p = 586 - 332. Suppose -p = -4*f + 2*f. Is f composite?
False
Let k(z) = -57*z**3 + 2*z**2 - 3*z - 3. Let d = 15 - 17. Is k(d) composite?
False
Let o(p) = p + 12. Let l be o(-10). Suppose 2*h = l*j + 80 + 38, -4 = j. Is h prime?
False
Let b(z) = -6*z**3 - 4*z**2 + 2*z + 2. Is b(-4) prime?
False
Let g = 1 - -2. Suppose -395 = -g*k - 2*k. Is k prime?
True
Suppose 2*v + 4*l - 658 = 0, -5*l + 1847 = 5*v + 202. Is v composite?
True
Suppose v = -5, 5*f + v = -0*f - 15. Let j be (-1)/(2*f/(-16)). Is ((-22)/1)/(j/2) prime?
True
Suppose -3*w - 258 = -2361. Is w a prime number?
True
Is 18/12*-22*(-47)/3 a prime number?
False
Let d = 32 + -20. Let l = 10 - d. Is 1 + (-3 - (-26 + l)) a prime number?
False
Let t(m) = 16*m**3 - 7*m**2 + 5*m + 13. Is t(6) prime?
False
Suppose 2*s = -2*c + 278, c + 2*s - 130 = 11. Suppose 4*x - 867 = c. Is x a composite number?
False
Let x(m) = 1741*m - 14. Is x(1) a prime number?
False
Let k(m) = 215*m. Suppose 14 = -2*n - 3*x, -3*n + 0 - 22 = 5*x. Let c be n - -4 - (-1 + 0). Is k(c) composite?
True
Is (-4 - -8) + 295 + -4 composite?
True
Suppose 2*g - 421 = 91. Let l(a) = -2*a**2 - 1. Let k be l(-8). Let c = k + g. Is c a prime number?
True
Let t = 6 - 3. Suppose 0 = 2*c + t*c - 455. Is c a prime number?
False
Is (-99238)/(-22) + (-32)/(-176) prime?
False
Suppose 4*m = 140 + 184. Let p = 208 - m. Is p composite?
False
Let w(a) = 10*a + 7. Let u be w(-9). Let b = u - -180. Is b a composite number?
False
Is (-19755)/(-55) + 2/(-11) a prime number?
True
Let y(v) = -v**2 + 2*v - 1. Let j be y(1). Suppose w = m + 141, j*m = 5*w - m - 689. Suppose -o + w = -4. Is o a composite number?
True
Let v(q) be the third derivative of q**5/15 + q**4/8 - 2*q**3/3 - q**2. Suppose 2*r - 4 = 0, 2*r = s + 7 - 0. Is v(s) a prime number?
True
Suppose 1179 = 6*c - 6735. Is c prime?
True
Let b = -57 + 34. Let n = b + 98. Suppose -n = -2*s - s. Is s composite?
True
Let o(l) = l**3 + 2*l**2 - 5*l - 3. Let z be o(-3). Suppose 820 = 7*b - z*b + 3*q, -2*b + 5*q = -384. Suppose 0 = 2*p - 24 - b. Is p a composite number?
False
Let a(c) = -4 - c**2 + 4*c + 2 + 12 + 2. Is a(5) a composite number?
False
Suppose -29660 = -6*k - 9326. Is k a prime number?
